-p - 419 = 2*x, -6*p + 5 = -p. Let h = 9 - x. What are the prime factors of h?
3, 73
Let w be 5*12/20 + -2. List the prime factors of 3/(w/((-28)/(-6))).
2, 7
Let t be (3/4)/(2/(-8)). Let v(s) = s + 12. Let u be v(-10). What are the prime factors of (((-174)/t)/1)/u?
29
Let s = 515 - 269. Let h = s + -86. What are the prime factors of h?
2, 5
Let x = 13 + -5. Let a(j) = -j**3 + 8*j**2 + 4*j - 7. Let r be a(x). Suppose -4*z + r = -3*t, -2*z + t - 3 = -14. What are the prime factors of z?
2
Let h = -33 - -11. Let k = h + 31. Suppose x - k = -0. What are the prime factors of x?
3
Let m(y) = 2*y - 4. Let n be m(5). Suppose n + 2 = -w. What are the prime factors of (4/w)/(1/(-60))?
2, 3, 5
Let v = 164 - 117. Let g = 34 - 63. Let w = v + g. What are the prime factors of w?
2, 3
Suppose -4*l - 3*c + 3 = -8, 0 = 2*l - 2*c - 2. Let x be 1/l + 636/8. Suppose -6*o = -2*o - x. What are the prime factors of o?
2, 5
What are the prime factors of (-10)/4*(-145 - -27)?
5, 59
Suppose 224 = -0*h + 8*h. Let y = 89 + h. List the prime factors of y.
3, 13
Let c = -800 + 2768. What are the prime factors of c?
2, 3, 41
List the prime factors of (-4 - (-2864)/4) + -8.
2, 11
List the prime factors of ((-436)/3)/(-3*(-6)/(-27)).
2, 109
Suppose -27508 = -33*v - 13*v. List the prime factors of v.
2, 13, 23
Let n(t) = t - 4. Let j be n(5). Suppose -m + 30 = 5*f, 3*m - 2*f - 6 = -j. Suppose -m*v = -2*v - 126. What are the prime factors of v?
2, 3, 7
List the prime factors of 172*(((-22)/(-8) - 2) + 0).
3, 43
Suppose -2*a = 188 + 118. Let c = a - -248. What are the prime factors of c?
5, 19
Suppose -t = f - 1395, 0 = 81*f - 84*f - 2*t + 4190. List the prime factors of f.
2, 5, 7
Let b be 2*(120 + (-1 - -1)). Suppose 0 = v - b - 45. What are the prime factors of v?
3, 5, 19
Let u(b) = b. Let j be u(2). List the prime factors of (-3)/j*(-40)/30.
2
Suppose 0 = -d + 2, -c + 5*d = -133. List the prime factors of c.
11, 13
Let x(t) = t**3 + 3*t**2 - 31*t - 13. List the prime factors of x(10).
977
Let u = 115 - 101. Suppose 418 = -u*r + 16*r. What are the prime factors of r?
11, 19
Suppose 2*z = -z + 63. Let d = 36 - z. Let o = d + -8. List the prime factors of o.
7
Let p = 1781 - 520. What are the prime factors of p?
13, 97
Let q = -1390 + 4581. What are the prime factors of q?
3191
Let z be 10*(-1)/(-3)*(-12)/(-5). List the prime factors of ((-1575)/(-20))/5*z.
2, 3, 7
Let z(f) = f**3 + 2*f**2 - 2*f - 3. Let t be z(-3). Let r(o) = o**3 + 6*o**2 - 9*o - 2. What are the prime factors of r(t)?
2, 13
Suppose 235 + 993 = w. What are the prime factors of (-4)/(-14) - w/(-14)?
2, 11
Let m = 14 - 31. Let x = m - -21. Suppose x*q - 56 = -4. List the prime factors of q.
13
List the prime factors of 16718/18 - (-54)/243.
929
Let v(j) be the first derivative of 4*j**3/3 - 3*j**2 + 9*j + 9. What are the prime factors of v(5)?
79
Suppose 0 = 4*f + 5*p - 1408, 12*f - 13*f + 363 = 4*p. What are the prime factors of f?
347
Let f be 0*(0 + 0 - -1). Suppose f = 4*g - 23 - 5. Let i = g + 28. What are the prime factors of i?
5, 7
Let b be (-2)/8 + 353*5/20. Let q = 237 - b. List the prime factors of q.
149
Let f(u) = u**3 + 7*u**2 - 10*u - 11. Let i be f(-8). Suppose -i*y = -l - 65, 3*y + 0*y - 39 = -l. What are the prime factors of y?
13
What are the prime factors of 6106/20 - ((-1377)/170)/(-27)?
5, 61
Let m(t) = -t**2 - 8*t. Let d be m(-4). Let l = 20 - d. Suppose -3*n + 2*n + 11 = 5*w, 0 = l*n + 5*w - 29. What are the prime factors of n?
2, 3
Let l(p) = 72*p**2 - 52*p. Let v be l(6). Suppose -v = -25*q + 17*q. What are the prime factors of q?
3, 5, 19
Let s(q) = -q**3 + 2*q**2 + 3*q. Let a = 6 - 3. Let l be s(a). Suppose l*t - 4*t = -56. What are the prime factors of t?
2, 7
Let w = -82 + 150. Suppose -u - w = 3*u. Let k = -4 - u. List the prime factors of k.
13
Let x = -273 - -138. List the prime factors of (4 + (-14)/3)*x.
2, 3, 5
Let j = 293 + -65. Let h = -159 + j. List the prime factors of h.
3, 23
Let t be ((-3)/(-2))/(3/4). Let p be (-10 - -7) + (2 - -4). Suppose -t*r + p*d + 133 = -0*d, -d = -3*r + 182. What are the prime factors of r?
59
Let c(j) = j**3 - 4*j**2 + 2*j - 2. Let p be c(4). Suppose -12 = p*z - 426. What are the prime factors of z?
3, 23
Let f(w) = 7*w - 2. Let g be f(-4). Suppose 2*a - 68 = 4*c, 3*a = 2*c + 2*c + 66. Let v = c - g. What are the prime factors of v?
2, 3
Suppose 36 = -2*o + 4*z, -3*o + 3*z = 4*z + 19. Let l be 6 + o + (1 - 2). Let i(s) = 2*s**2 - 3. What are the prime factors of i(l)?
3, 5
Let a(y) = 14*y - 8. Let s be a(22). Suppose 2*j - 584 = -4*p, 2*p = -j + 2*j + s. List the prime factors of p.
2, 37
Suppose -3*j - 2 = 28. Let i = j + 24. List the prime factors of i.
2, 7
Let i = 5 - 5. Let t be 0/1*1 - -7. Let x = t - i. List the prime factors of x.
7
Let x(w) = 7*w**3 + 3*w**2 + 13*w + 10. List the prime factors of x(7).
3, 883
Suppose -15*o + 26*o = 330. List the prime factors of (11 - o/(-6))/((-1)/(-16)).
2
Let a be (-1533)/(-35) - 1/(-5). List the prime factors of (35/20)/(1/a).
7, 11
Suppose 0 = 3*q - 15, 5*q - 10 = l + 3*q. Suppose 6*d + 2 - 20 = l. What are the prime factors of d?
3
Suppose -6*h + 120 = -3*h. Suppose 2*w = 138 + h. What are the prime factors of w?
89
Let t = -122 + 356. What are the prime factors of t?
2, 3, 13
Let w(y) = 5*y**2 + 5*y + 4. What are the prime factors of w(-3)?
2, 17
Suppose -108*r = -104*r - 5992. What are the prime factors of r?
2, 7, 107
Let i = -84 - -156. Suppose 4*w = 3*w + 2*p + i, 5*p = -4*w + 236. What are the prime factors of w?
2
Let r = -66 + 48. List the prime factors of 25*3/(-9)*r/5.
2, 3, 5
Let j = 28 - 24. Suppose 0*q - j*q = -32. What are the prime factors of 2/q + 102/8?
13
Let u = 15 + -21. What are the prime factors of (u - (7 + -3))*-11?
2, 5, 11
Let p(t) = 2*t**2 + 6*t + 3. Let h be p(-3). Suppose 0 = -2*v - 2, -h*v = u - 181 - 13. What are the prime factors of u?
197
Suppose 0 = -6*x + 5*x + 15. Let m be x/(-20)*(1 - 9). Let l(i) = i**3 - 6*i**2 + 7*i + 8. List the prime factors of l(m).
2, 5
Let a(j) be the second derivative of -j**5/20 + j**4/2 - 3*j**3/2 + 5*j**2/2 - 8*j. Let s be a(4). Let t(z) = 21*z**2 - z. What are the prime factors of t(s)?
2, 5
Let m(w) = 26*w. Let k(g) be the third derivative of -9*g**4/8 + 14*g**2. Let y(z) = 5*k(z) + 4*m(z). What are the prime factors of y(-2)?
2, 31
Suppose -6297*t - 3848 = -6301*t. What are the prime factors of t?
2, 13, 37
Let u(z) = 2*z**3 + 3*z**2 - 4. What are the prime factors of u(5)?
3, 107
List the prime factors of 1*(5 + (-5748)/(-6)).
3, 107
Let a be -2*((-3)/(-6) + -2). Suppose a*b - 77 = 4*q, 0 = -q + 2*q + 2. List the prime factors of b.
23
Let o(t) = -2*t + 40. Let n(q) = q - 20. Let w(g) = 5*n(g) + 3*o(g). Let r be w(14). Suppose 0 = -5*j + 181 - r. What are the prime factors of j?
5, 7
List the prime factors of 1*-2 + (-23270)/(-65).
2, 89
Suppose -2*a = -2*n + 6 + 60, 0 = -4*a + 2*n - 130. Let r = a + 58. List the prime factors of r.
2, 13
Let v = 1820 + -925. List the prime factors of v.
5, 179
Let v(d) = d**2 - 3*d - 6. Let z be v(5). Suppose 6*a - 5*a - z = 0. Suppose -a*g - 7*r = -5*r - 114, -5*g - r = -138. What are the prime factors of g?
3
Suppose 0*x + 18 = 3*x. Let c(h) = h**2 - 10 - x*h + h**2 + 18. List the prime factors of c(5).
2, 7
Let k(h) = 103*h**2 + 41*h - 227. What are the prime factors of k(5)?
3, 23, 37
Let t be ((-32)/(-12))/(1/36). Suppose -4*f + t = 2*f. Suppose v + h - 30 = -h, -5*h - f = -v. List the prime factors of v.
2, 13
Let t(w) = w**2 + 10*w - 7 - 6*w + 5*w. Let k be t(9). Suppose -2*v - k = -7*v. List the prime factors of v.
31
Let l = -6453 + 12411. List the prime factors of l.
2, 3, 331
Suppose -968 = 5*x - 3073. What are the prime factors of x?
421
Let c = 359 + -183. Suppose k - c = -k. What are the prime factors of k?
2, 11
Suppose 9*d - 4*d + 3*w - 83 = 0, -2*w + 2 = 0. Suppose -4*q = 4, q + 236 = 7*j - 2*j. Suppose 0 = -h - d + j. List the prime factors of h.
31
Suppose 0 = -5*b - t + 1319, 0 = -5*b - 2*t - 19 + 1337. List the prime factors of b/10 - (-27)/45.
3
Suppose -959 - 598 = -9*v. Let i = -89 + v. Suppose 0 = -4*s - 2*j + i, 5*s - 177 = -3*j - 72. What are the prime factors of s?
3, 7
List the prime factors of 3/(12/8) - (12 + -1836).
2, 11, 83
Suppose 3*n - 5*t + 10 = 0, 